ded by 81.
80
What is the remainder when 32985 is divided by 1224?
1161
Calculate the remainder when 3012 is divided by 464.
228
Calculate the remainder when 3304 is divided by 147.
70
Calculate the remainder when 9367 is divided by 3312.
2743
Calculate the remainder when 1289 is divided by 467.
355
Calculate the remainder when 122356 is divided by 169.
0
Calculate the remainder when 2417 is divided by 1155.
107
What is the remainder when 15446 is divided by 396?
2
Calculate the remainder when 2340202 is divided by 92.
90
What is the remainder when 9422 is divided by 201?
176
What is the remainder when 4415 is divided by 43?
29
What is the remainder when 2275 is divided by 1877?
398
Calculate the remainder when 12247 is divided by 922.
261
What is the remainder when 1114427 is divided by 42?
41
What is the remainder when 1005 is divided by 175?
130
What is the remainder when 220990 is divided by 223?
220
Calculate the remainder when 4607614 is divided by 416.
414
Calculate the remainder when 3264 is divided by 3.
0
What is the remainder when 11745 is divided by 250?
245
Calculate the remainder when 45881 is divided by 192.
185
Calculate the remainder when 549 is divided by 527.
22
Calculate the remainder when 4892 is divided by 318.
122
What is the remainder when 466858 is divided by 372?
370
What is the remainder when 28580 is divided by 170?
20
What is the remainder when 12893 is divided by 111?
17
What is the remainder when 1871 is divided by 373?
6
Calculate the remainder when 22749 is divided by 7567.
48
What is the remainder when 46700 is divided by 850?
800
What is the remainder when 18862 is divided by 942?
22
Calculate the remainder when 355 is divided by 23.
10
Calculate the remainder when 2343 is divided by 210.
33
What is the remainder when 803 is divided by 391?
21
Calculate the remainder when 247 is divided by 94.
59
What is the remainder when 104866 is divided by 27?
25
What is the remainder when 17932 is divided by 122?
120
Calculate the remainder when 2489 is divided by 430.
339
Calculate the remainder when 6854 is divided by 244.
22
Calculate the remainder when 218535 is divided by 83.
79
Calculate the remainder when 21095 is divided by 352.
327
Calculate the remainder when 1856 is divided by 116.
0
Calculate the remainder when 33286 is divided by 53.
2
Calculate the remainder when 711222 is divided by 237073.
3
Calculate the remainder when 594597 is divided by 7.
3
Calculate the remainder when 33496 is divided by 712.
32
What is the remainder when 832 is divided by 93?
88
Calculate the remainder when 4773 is divided by 1245.
1038
Calculate the remainder when 457460 is divided by 29.
14
What is the remainder when 3866 is divided by 772?
6
What is the remainder when 99403 is divided by 829?
752
What is the remainder when 627 is divided by 118?
37
What is the remainder when 298873 is divided by 96?
25
Calculate the remainder when 41836 is divided by 4181.
26
What is the remainder when 59431 is divided by 39?
34
Calculate the remainder when 8790 is divided by 552.
510
Calculate the remainder when 66576 is divided by 459.
21
What is the remainder when 102198 is divided by 365?
363
What is the remainder when 712 is divided by 60?
52
Calculate the remainder when 2220 is divided by 372.
360
What is the remainder when 3232 is divided by 1576?
80
What is the remainder when 339309 is divided by 92?
13
Calculate the remainder when 872 is divided by 123.
11
Calculate the remainder when 1108 is divided by 474.
160
Calculate the remainder when 1520 is divided by 262.
210
What is the remainder when 10077 is divided by 10?
7
What is the remainder when 89931 is divided by 28?
23
Calculate the remainder when 1181314 is divided by 31.
28
What is the remainder when 8597 is divided by 24?
5
Calculate the remainder when 993 is divided by 32.
1
Calculate the remainder when 797893 is divided by 33.
19
Calculate the remainder when 8703 is divided by 1425.
153
Calculate the remainder when 78363 is divided by 193.
5
Calculate the remainder when 13074 is divided by 220.
94
What is the remainder when 80961 is divided by 14?
13
Calculate the remainder when 509706 is divided by 14991.
12
Calculate the remainder when 26221 is divided by 279.
274
What is the remainder when 1829 is divided by 817?
195
Calculate the remainder when 5929 is divided by 5355.
574
Calculate the remainder when 198409 is divided by 5835.
19
What is the remainder when 24269 is divided by 404?
29
Calculate the remainder when 316560 is divided by 29.
25
What is the remainder when 1786 is divided by 296?
10
What is the remainder when 8171746 is divided by 36?
34
Calculate the remainder when 26332 is divided by 227.
0
Calculate the remainder when 136743 is divided by 556.
523
Calculate the remainder when 3792 is divided by 218.
86
What is the remainder when 20734 is divided by 81?
79
What is the remainder when 24887 is divided by 122?
121
What is the remainder when 32306 is divided by 11?
10
Calculate the remainder when 4692 is divided by 778.
24
Calculate the remainder when 3841 is divided by 1650.
541
What is the remainder when 10454 is divided by 86?
48
What is the remainder when 9531 is divided by 1874?
161
Calculate the remainder when 3470 is divided by 217.
215
What is the remainder when 37784 is divided by 574?
474
What is the remainder when 7953 is divided by 1324?
9
Calculate the remainder when 3456460 is divided by 15.
10
Calculate the remainder when 170678 is divided by 11378.
8
Calculate the remainder when 13477 is divided by 107.
102
What is the remainder when 14688 is divided by 101?
43
What is the remainder when 555980 is divided by 8825?
5
Calculate the remainder when 543746 is divided by 633.
632
Calculate the remainder when 174436 is divided by 392.
388
What is the remainder when 431549 is divided by 352?
349
What is the remainder when 684097 is divided by 14252?
1
Calculate the remainder when 1194 is divided by 1104.
90
What is the remainder when 83635 is divided by 41812?
11
Calculate the remainder when 3718 is divided by 663.
403
What is the remainder when 21123 is divided by 1526?
1285
Calculate the remainder when 10523 is divided by 16.
11
What is the remainder when 75731 is divided by 135?
131
Calculate the remainder when 877138 is divided by 660.
658
What is the remainder when 2328 is divided by 1964?
364
Calculate the remainder when 8387 is divided by 4173.
41
Calculate the remainder when 6714 is divided by 1114.
30
Calculate the remainder when 1556 is divided by 225.
206
What is the remainder when 49676 is divided by 69?
65
Calculate the remainder when 808 is divided by 74.
68
Calculate the remainder when 8210 is divided by 8.
2
What is the remainder when 611171 is divided by 12?
11
What is the remainder when 25341 is divided by 26?
17
Calculate the remainder when 7467 is divided by 45.
42
What is the remainder when 18512 is divided by 342?
44
What is the remainder when 50096 is divided by 57?
50
Calculate the remainder when 53403 is divided by 109.
102
What is the remainder when 6225 is divided by 193?
49
Calculate the remainder when 26262 is divided by 49.
47
What is the remainder when 1584 is divided by 439?
267
What is the remainder when 11475 is divided by 11471?
4
What is the remainder when 602 is divided by 560?
42
What is the remainder when 312356 is divided by 380?
376
What is the remainder when 49741 is divided by 161?
153
Calculate the remainder when 1030 is divided by 689.
341
What is the remainder when 13964 is divided by 4554?
302
What is the remainder when 225524 is divided by 155?
154
What is the remainder when 971 is divided by 44?
3
Calculate the remainder when 1640 is divided by 152.
120
Calculate the remainder when 2022 is divided by 317.
120
What is the remainder when 2111 is divided by 310?
251
What is the remainder when 1455 is divided by 218?
147
What is the remainder when 826031 is divided by 206507?
3
Calculate the remainder when 1028511 is divided by 667.
664
Calculate the remainder when 346860 is divided by 115618.
6
Calculate the remainder when 319086 is divided by 3844.
34
Calculate the remainder when 26004 is divided by 36.
12
Calculate the remainder when 2015 is divided by 1827.
188
Calculate the remainder when 38577 is divid